{"id":1811,"date":"2017-12-03T16:02:21","date_gmt":"2017-12-03T16:02:21","guid":{"rendered":"http:\/\/unreality.tulilaulu.net\/dev\/?page_id=1811"},"modified":"2024-02-15T17:23:32","modified_gmt":"2024-02-15T15:23:32","slug":"koelaulut","status":"publish","type":"page","link":"https:\/\/unreality.fi\/index.php\/koelaulut\/","title":{"rendered":"Hae kuoroon"},"content":{"rendered":"<div>\n\n<div class=\"wpcf7 no-js\" id=\"wpcf7-f1810-o1\" lang=\"en-US\" dir=\"ltr\">\n<div class=\"screen-reader-response\"><p role=\"status\" aria-live=\"polite\" aria-atomic=\"true\"><\/p> <ul><\/ul><\/div>\n<form action=\"\/index.php\/wp-json\/wp\/v2\/pages\/1811#wpcf7-f1810-o1\" method=\"post\" class=\"wpcf7-form init\" aria-label=\"Contact form\" novalidate=\"novalidate\" data-status=\"init\">\n<div style=\"display: none;\">\n<input type=\"hidden\" name=\"_wpcf7\" value=\"1810\" \/>\n<input type=\"hidden\" name=\"_wpcf7_version\" value=\"5.9.8\" \/>\n<input type=\"hidden\" name=\"_wpcf7_locale\" value=\"en_US\" \/>\n<input type=\"hidden\" name=\"_wpcf7_unit_tag\" value=\"wpcf7-f1810-o1\" \/>\n<input type=\"hidden\" name=\"_wpcf7_container_post\" value=\"0\" \/>\n<input type=\"hidden\" name=\"_wpcf7_posted_data_hash\" value=\"\" \/>\n<\/div>\n<p><label> Nimi \/ Name* <span class=\"wpcf7-form-control-wrap\" data-name=\"your-name\"><input size=\"40\" maxlength=\"400\" class=\"wpcf7-form-control wpcf7-text wpcf7-validates-as-required\" aria-required=\"true\" aria-invalid=\"false\" value=\"\" type=\"text\" name=\"your-name\" \/><\/span> <\/label><br \/>\n<label> S\u00e4hk\u00f6postiosoite \/ Email* <span class=\"wpcf7-form-control-wrap\" data-name=\"your-email\"><input size=\"40\" maxlength=\"400\" class=\"wpcf7-form-control wpcf7-email wpcf7-validates-as-required wpcf7-text wpcf7-validates-as-email\" aria-required=\"true\" aria-invalid=\"false\" value=\"\" type=\"email\" name=\"your-email\" \/><\/span> <\/label><br \/>\n<label> \u00c4\u00e4niala \/ Voice Range* <span class=\"wpcf7-form-control-wrap\" data-name=\"voice-range\"><select class=\"wpcf7-form-control wpcf7-select wpcf7-validates-as-required\" aria-required=\"true\" aria-invalid=\"false\" name=\"voice-range\"><option value=\"Sopraano\">Sopraano<\/option><option value=\"Mezzosopraano\">Mezzosopraano<\/option><option value=\"Altto\">Altto<\/option><option value=\"Tenori\">Tenori<\/option><option value=\"Baritoni\">Baritoni<\/option><option value=\"Basso\">Basso<\/option><option value=\"En tied\u00e4\">En tied\u00e4<\/option><\/select><\/span> <\/label><br \/>\n<label> Aiempi kuorotausta \/ Choir background* <span class=\"wpcf7-form-control-wrap\" data-name=\"choir-background\"><textarea cols=\"40\" rows=\"10\" maxlength=\"2000\" class=\"wpcf7-form-control wpcf7-textarea wpcf7-validates-as-required\" aria-required=\"true\" aria-invalid=\"false\" name=\"choir-background\"><\/textarea><\/span> <\/label><br \/>\n<label> Muu musiikkitausta \/ Music background* <span class=\"wpcf7-form-control-wrap\" data-name=\"other-musical-background\"><textarea cols=\"40\" rows=\"10\" maxlength=\"2000\" class=\"wpcf7-form-control wpcf7-textarea wpcf7-validates-as-required\" aria-required=\"true\" aria-invalid=\"false\" name=\"other-musical-background\"><\/textarea><\/span> <\/label><br \/>\n<label> Vapaaehtoinen linkki \u00e4\u00e4nin\u00e4ytteeseen \/ Optional link to voice sample (YouTube, Dropbox, Google Drive...) <span class=\"wpcf7-form-control-wrap\" data-name=\"singing-demo\"><input size=\"40\" maxlength=\"400\" class=\"wpcf7-form-control wpcf7-url wpcf7-text wpcf7-validates-as-url\" aria-invalid=\"false\" value=\"\" type=\"url\" name=\"singing-demo\" \/><\/span> <\/label><br \/>\n<span class=\"wpcf7-form-control-wrap\" data-name=\"age-verification\"><span class=\"wpcf7-form-control wpcf7-checkbox wpcf7-validates-as-required\"><span class=\"wpcf7-list-item first last\"><input type=\"checkbox\" name=\"age-verification[]\" value=\"Olen t\u00e4ytt\u00e4nyt 18 vuotta. \/ I am over 18 years old\" \/><span class=\"wpcf7-list-item-label\">Olen t\u00e4ytt\u00e4nyt 18 vuotta. \/ I am over 18 years old<\/span><\/span><\/span><\/span><br \/>\n<span id=\"wpcf7-69d4270d61b84-wrapper\" class=\"wpcf7-form-control-wrap first-name-wrap\" style=\"display:none !important; visibility:hidden !important;\"><label for=\"wpcf7-69d4270d61b84-field\" class=\"hp-message\">Please leave this field empty.<\/label><input id=\"wpcf7-69d4270d61b84-field\"  class=\"wpcf7-form-control wpcf7-text\" type=\"text\" name=\"first-name\" value=\"\" size=\"40\" tabindex=\"-1\" autocomplete=\"new-password\" \/><\/span><br \/>\n<input class=\"wpcf7-form-control wpcf7-submit has-spinner\" type=\"submit\" value=\"L\u00e4het\u00e4 \/ Send\" \/><br \/>\n<span class=\"form-instruction no-margin\">T\u00e4hdell\u00e4 (*) merkityt kent\u00e4t ovat pakollisia. \/ Asterisks (*) are mandatory fields<\/span><br \/>\n<a href=\"http:\/\/unreality.fi\/index.php\/tietosuojajutut\/\" class=\"form-instruction no-margin\">Katso tietosuojaseloste.<\/a>\n<\/p><div class=\"wpcf7-response-output\" aria-hidden=\"true\"><\/div>\n<\/form>\n<\/div>\n\n<div\/>\n","protected":false},"excerpt":{"rendered":"","protected":false},"author":2,"featured_media":2584,"parent":0,"menu_order":0,"comment_status":"closed","ping_status":"closed","template":"","meta":{"_exactmetrics_skip_tracking":false,"_exactmetrics_sitenote_active":false,"_exactmetrics_sitenote_note":"","_exactmetrics_sitenote_category":0,"footnotes":""},"_links":{"self":[{"href":"https:\/\/unreality.fi\/index.php\/wp-json\/wp\/v2\/pages\/1811"}],"collection":[{"href":"https:\/\/unreality.fi\/index.php\/wp-json\/wp\/v2\/pages"}],"about":[{"href":"https:\/\/unreality.fi\/index.php\/wp-json\/wp\/v2\/types\/page"}],"author":[{"embeddable":true,"href":"https:\/\/unreality.fi\/index.php\/wp-json\/wp\/v2\/users\/2"}],"replies":[{"embeddable":true,"href":"https:\/\/unreality.fi\/index.php\/wp-json\/wp\/v2\/comments?post=1811"}],"version-history":[{"count":17,"href":"https:\/\/unreality.fi\/index.php\/wp-json\/wp\/v2\/pages\/1811\/revisions"}],"predecessor-version":[{"id":4463,"href":"https:\/\/unreality.fi\/index.php\/wp-json\/wp\/v2\/pages\/1811\/revisions\/4463"}],"wp:featuredmedia":[{"embeddable":true,"href":"https:\/\/unreality.fi\/index.php\/wp-json\/wp\/v2\/media\/2584"}],"wp:attachment":[{"href":"https:\/\/unreality.fi\/index.php\/wp-json\/wp\/v2\/media?parent=1811"}],"curies":[{"name":"wp","href":"https:\/\/api.w.org\/{rel}","templated":true}]}}