{"id":3835,"date":"2020-02-28T18:32:33","date_gmt":"2020-02-28T16:32:33","guid":{"rendered":"http:\/\/unreality.fi\/?page_id=3835"},"modified":"2020-11-07T19:54:36","modified_gmt":"2020-11-07T17:54:36","slug":"flashback-concert-program","status":"publish","type":"page","link":"https:\/\/unreality.fi\/index.php\/flashback-concert-program\/","title":{"rendered":"Unreality: Flashback &#8211; Concert Program"},"content":{"rendered":"\n<h1 class=\"wp-block-heading\" style=\"text-align:center\"> Unreality: Flashback<br>Helsinki 24.10.2020 6 p.m. <\/h1>\n\n\n\n<p style=\"text-align:center\"><a href=\"http:\/\/unreality.fi\/index.php\/flashback-ohjelmalehti\/\">IN FINNISH<\/a><\/p>\n\n\n\n<p style=\"text-align:center\">Concert tickets are available at <a rel=\"noreferrer noopener\" aria-label=\" (opens in a new tab)\" href=\"https:\/\/www.lippu.fi\/artist\/unreality\/?fbclid=IwAR1UrPBp5Lwt0bTfyGMcbjsQjquOo1PtX1u35rXppWf8yb6Bxm8vEK6sjQw\" target=\"_blank\">Lippu.fi<\/a><\/p>\n\n\n\n<p style=\"text-align:center\" class=\"has-medium-font-size\"><strong><em>   Do you know what to do with a cassette and a pencil? Were your morning cartoons dubbed and did your Disney videos cost around 129 Finnish marks? If these things sound familiar, then so will this concert. The mixed choir Unreality is not ready to let go of the past, be it 30 or 3 years ago. Don&#8217;t wait up for the modem to connect &#8211; come in person and see how many of these songs you can recognize! Jari Koivistoinen will be conducting the choir&#8217;s decent into nostalgia.<\/em><\/strong><\/p>\n\n\n\n<h2 class=\"wp-block-heading\" style=\"text-align:center\" id=\"kuoro\">Choir<\/h2>\n\n\n\n<div class=\"wp-block-columns has-2-columns is-layout-flex wp-container-core-columns-layout-1 wp-block-columns-is-layout-flex\">\n<div class=\"wp-block-column is-layout-flow wp-block-column-is-layout-flow\">\n<p>Unreality is a Helsinki-based mixed choir, founded in January 2014. This choral society is the first Finnish choir to sing music exclusively from movies, TV series, video games and animations. Unique choral arrangements and the blazing orange dragon are its trademarks \u2013 time after time they take the listener to beloved sceneries beyond reality and back again. Every year Unreality performs at massive conventions and the long list of conquests includes events such as Tracon, Ropecon, Helsinki Game Music Festival, Worldcon 75 and a joint concert with Helsinki Symphonic Winds. Additionally, the choir holds concerts twice a year and its small group, Nanoreality, is also actively doing gigs in events of all sizes. The choir\u2019s artistic director is Jari Koivistoinen. <\/p>\n<\/div>\n\n\n\n<div class=\"wp-block-column is-layout-flow wp-block-column-is-layout-flow\">\n<figure class=\"wp-block-image\"><img loading=\"lazy\" decoding=\"async\" width=\"1024\" height=\"576\" src=\"http:\/\/unreality.fi\/wp-content\/uploads\/2017\/05\/DSC09598-1024x576.jpg\" alt=\"\" class=\"wp-image-2584\" srcset=\"https:\/\/unreality.fi\/wp-content\/uploads\/2017\/05\/DSC09598-1024x576.jpg 1024w, https:\/\/unreality.fi\/wp-content\/uploads\/2017\/05\/DSC09598-300x169.jpg 300w, https:\/\/unreality.fi\/wp-content\/uploads\/2017\/05\/DSC09598-768x432.jpg 768w\" sizes=\"(max-width: 1024px) 100vw, 1024px\" \/><figcaption> Photo by Mikael Peltomaa <\/figcaption><\/figure>\n<\/div>\n<\/div>\n\n\n\n<h2 class=\"wp-block-heading\" style=\"text-align:center\" id=\"jari-koivistoinen\">Jari Koivistoinen<\/h2>\n\n\n\n<div class=\"wp-block-columns has-2-columns is-layout-flex wp-container-core-columns-layout-2 wp-block-columns-is-layout-flex\">\n<div class=\"wp-block-column is-layout-flow wp-block-column-is-layout-flow\">\n<figure class=\"wp-block-image\"><img loading=\"lazy\" decoding=\"async\" width=\"1024\" height=\"768\" src=\"http:\/\/unreality.fi\/wp-content\/uploads\/2018\/08\/jari-1024x768.jpg\" alt=\"\" class=\"wp-image-2855\" srcset=\"https:\/\/unreality.fi\/wp-content\/uploads\/2018\/08\/jari-1024x768.jpg 1024w, https:\/\/unreality.fi\/wp-content\/uploads\/2018\/08\/jari-300x225.jpg 300w, https:\/\/unreality.fi\/wp-content\/uploads\/2018\/08\/jari-768x576.jpg 768w\" sizes=\"(max-width: 1024px) 100vw, 1024px\" \/><figcaption> Photo by Antti Tenhunen <\/figcaption><\/figure>\n<\/div>\n\n\n\n<div class=\"wp-block-column is-layout-flow wp-block-column-is-layout-flow\">\n<p>Jari Koivistoinen is a Helsinki-based professional musician, with choral experience ranging from small professional ensembles to large-scale groups. A student of conducting and church music at the Sibelius Academy in Helsinki, he completed his diploma concert in choral conducting in the spring of 2019. <\/p>\n\n\n\n<p>In addition to Unreality, Jari is the choir master at The Helsinki Philharmonic Choir, and acts as assistant conductor for Tapiola Chamber Choir and Kampin Laulu. He is also a trainer in the Helsinki Cathedral boys&#8217; choir Cantores Minores, and has also worked with a great number of choirs in the Helsinki region (f.ex. Helsinki Music Center Chorus, Murtosointu, Manifestum male voice chorus). In addition to conducting, he is also otherwise active in the field of music, acting as church musician, pianist, chamber musician, singer, composer &amp; arranger. <\/p>\n\n\n\n<p>Jari is a major fan of all things cultural, be it movies, games, visual arts or standup comedy. His journey with Unreality began in the spring of 2017. <\/p>\n<\/div>\n<\/div>\n\n\n\n<h2 class=\"wp-block-heading\" style=\"text-align:center\" id=\"ohjelma\">Concert Program*<\/h2>\n\n\n\n<p style=\"text-align:center\" class=\"has-small-font-size\">*Changes to concert program may occur<\/p>\n\n\n\n<div class=\"wp-block-columns has-2-columns is-layout-flex wp-container-core-columns-layout-3 wp-block-columns-is-layout-flex\">\n<div class=\"wp-block-column is-layout-flow wp-block-column-is-layout-flow\">\n<p><strong>Eye of the Tiger<\/strong><br>Rocky III<br>Music\/Lyrics: Frankie Sullivan, Jim Peterik<br>Arr. Antti Havukainen <\/p>\n\n\n\n<p><strong>Willy Fog &#8211; Matka maailman ymp\u00e4ri 80 p\u00e4iv\u00e4ss\u00e4<\/strong><br>Willy Fog &#8211; Matka maailman ymp\u00e4ri 80 p\u00e4iv\u00e4ss\u00e4<br>Music: Guido &amp; Maurizio De Angelis<br>Arr. Ruska Bergh\u00e4ll <\/p>\n\n\n\n<p><strong>Nostalgiamedley<\/strong><br><em><strong>The Animals of Farthing Wood<\/strong><\/em><br><em>Music: Dennis Cooper<\/em><br><em><strong>Noah&#8217;s Island<\/strong><br>Music: Detlev K\u00fchne<br><strong>Eyewitness<\/strong><br>Music: <\/em> <em>Guy Michelmore<br><strong>The Adventures of Tintin<\/strong><br>Music: Ray Parker, Tom Szczesniak <br><\/em><strong><em>Babar<\/em><\/strong><em><br>Music: Milan Kymlicka<br><\/em>Arr. Matias Kylli\u00e4inen <\/p>\n\n\n\n<p><strong>In Noctem<\/strong><br>Harry Potter and the Half-Blood Prince<br>Music: Nicholas Hooper<br>Lyrics: Steve Kloves<br>Arr. Olli Huotari <\/p>\n<\/div>\n\n\n\n<div class=\"wp-block-column is-layout-flow wp-block-column-is-layout-flow\">\n<p><strong>ICO -You Were There-<\/strong><br>ICO<br>Music: Michiru Oshima<br>Lyrics: Lynne Hobday<br>Orig. arr. Video Games Live<br>Arr. Sampo Syrj\u00e4nen<br>Solos by Ninja Kotkalaakso &amp; Antti Havukainen<\/p>\n\n\n\n<p><strong>Midsomer Murders Theme<\/strong><br>Midsomer Murders<br>Music: Jim Parker<br>Arr. Aurora Tulilaulu, Ruska Bergh\u00e4ll  <br>Solo by Kai Salo <\/p>\n\n\n\n<p><strong>Love Crime<\/strong><br>Hannibal<br>Music\/Lyrics: Brian Reitzell, Siouxsie<br>Arr. Ruska Bergh\u00e4ll <\/p>\n\n\n\n<p><strong>Hercule Poirot &#8211; The Belgian Detective<\/strong><br>Agatha Christie&#8217;s Poirot<br>Music: Christopher Gunning<br>Arr. Ruska Bergh\u00e4ll <\/p>\n\n\n\n<p><strong>Hands of Gold<\/strong><br>Game of Thrones<br>Music: Ed Sheeran<br>Orig. arr. Tom Anderson<br>Arr. Hanne Aho, Riikka Kuusinen <\/p>\n\n\n\n<p><strong>You&#8217;ve Got a Friend in Me<\/strong><br>Toy Story<br>Music\/Lyrics: Randy Newman<br>Arr. Sampo Syrj\u00e4nen<\/p>\n\n\n\n<p><br><\/p>\n<\/div>\n<\/div>\n\n\n\n<h2 class=\"wp-block-heading\" style=\"text-align:center\"> Special thanks:<\/h2>\n\n\n\n<p style=\"font-size:60px;text-align:center\">Maa ja Ilma ry<\/p>\n\n\n\n<figure class=\"wp-block-image is-resized\"><img loading=\"lazy\" decoding=\"async\" src=\"http:\/\/unreality.fi\/wp-content\/uploads\/2021\/09\/Malmitalo.png\" alt=\"\" class=\"wp-image-4006\" width=\"404\" height=\"171\"\/><\/figure>\n\n\n\n<div class=\"wp-block-image\"><figure class=\"alignleft is-resized\"><img loading=\"lazy\" decoding=\"async\" src=\"http:\/\/unreality.fi\/wp-content\/uploads\/2020\/10\/OUBS.png\" alt=\"\" class=\"wp-image-3949\" width=\"529\" height=\"277\"\/><\/figure><\/div>\n","protected":false},"excerpt":{"rendered":"<p>Do you know what to do with a cassette and a pencil? Were your morning cartoons dubbed and did your Disney videos cost around 129 Finnish marks? If these things sound familiar, then so will this concert. The mixed choir Unreality is not ready to let go of the past, be it 30 or 3 years ago. Don&#8217;t wait up for the modem to connect &#8211; come in person and see how many of these songs you can recognize! Jari Koivistoinen will be conducting the choir&#8217;s decent into nostalgia.<\/p>\n","protected":false},"author":2,"featured_media":3925,"parent":0,"menu_order":0,"comment_status":"closed","ping_status":"closed","template":"","meta":{"_exactmetrics_skip_tracking":false,"_exactmetrics_sitenote_active":false,"_exactmetrics_sitenote_note":"","_exactmetrics_sitenote_category":0,"footnotes":""},"_links":{"self":[{"href":"https:\/\/unreality.fi\/index.php\/wp-json\/wp\/v2\/pages\/3835"}],"collection":[{"href":"https:\/\/unreality.fi\/index.php\/wp-json\/wp\/v2\/pages"}],"about":[{"href":"https:\/\/unreality.fi\/index.php\/wp-json\/wp\/v2\/types\/page"}],"author":[{"embeddable":true,"href":"https:\/\/unreality.fi\/index.php\/wp-json\/wp\/v2\/users\/2"}],"replies":[{"embeddable":true,"href":"https:\/\/unreality.fi\/index.php\/wp-json\/wp\/v2\/comments?post=3835"}],"version-history":[{"count":12,"href":"https:\/\/unreality.fi\/index.php\/wp-json\/wp\/v2\/pages\/3835\/revisions"}],"predecessor-version":[{"id":3958,"href":"https:\/\/unreality.fi\/index.php\/wp-json\/wp\/v2\/pages\/3835\/revisions\/3958"}],"wp:featuredmedia":[{"embeddable":true,"href":"https:\/\/unreality.fi\/index.php\/wp-json\/wp\/v2\/media\/3925"}],"wp:attachment":[{"href":"https:\/\/unreality.fi\/index.php\/wp-json\/wp\/v2\/media?parent=3835"}],"curies":[{"name":"wp","href":"https:\/\/api.w.org\/{rel}","templated":true}]}}